ate -2 + 4 + -2 + 4 + -1.
3
Evaluate 4 + 2 + (-7 - -2).
1
What is 2 + (1 - (-11 + 20))?
-6
Evaluate 3 + -5 - -1 - (5 - 1).
-5
Evaluate 3 + (-1 - (-3 + 1)) - 1.
3
What is the value of (-2 - -8) + -2 + 3 - 5?
2
(-10 - -14) + (3 - 11)
-4
Calculate 2 + (-7 - -13 - (3 - 2)).
7
Calculate -1 + 1 + -8 + 9 + -2.
-1
Calculate -5 + 5 + (-6 - -1).
-5
Calculate 6 - (-3 + -5 + 14).
0
What is the value of 54 + -45 - ((0 - 1) + 4)?
6
Calculate (14 - -8) + -9 - 23.
-10
Evaluate -17 + (-2 - -5) + (6 - 0).
-8
What is the value of (5 - (3 + -1)) + -116 + 107?
-6
What is the value of -1 + (1 - (9 - 17))?
8
What is -9 + 2 + -1 + (10 - 7)?
-5
9 - ((-15 - (8 - 15)) + 12)
5
Calculate (-6 - -16 - 5) + -4.
1
Evaluate 6 - 0 - (2 + -6 - -6).
4
What is -5 + (4 - (1 - (3 + -5)))?
-4
What is the value of -8 - -2 - ((2 - 7) + 4)?
-5
(-2 - -9) + -8 - (-1 - -9)
-9
Calculate 2 + (2 - (-2 - -9)) - 0.
-3
What is the value of (-2 - (2 + -3)) + 2?
1
Evaluate (5 - (0 - (-12 + 7))) + -8.
-8
Calculate 6 - (8 + (0 - (-13 - -8))).
-7
Calculate (-9 - -2) + -15 + 13 + 17.
8
Evaluate (1 - -2) + (1 - 4) + -5.
-5
Calculate -15 - -20 - (4 + (-1 - -3)).
-1
1 + -1 + -9 + 3
-6
Evaluate 1 + (7 - 8) + 5.
5
0 - -1 - (4 - 1) - -4
2
Calculate -3 - (2 + (-4 - (3 + -4))).
-2
-3 + -1 - (-5 - -1 - 5)
5
What is the value of (-4 - -2) + 1 + -27 + 27?
-1
What is (0 + 4 - (5 - 1)) + -5?
-5
1 + (-3 + 1 - -2) + 1
2
Calculate (2 - 3) + (1 - (11 + -15)).
4
6 + 12 + -17 + (-3 - 1)
-3
Calculate -2 - (-11 + 6) - 0 - -1.
4
What is -5 + (3 + -5 - -13)?
6
Calculate -2 + (5 - (2 - 3)).
4
Calculate 20 + -27 - (0 + -2 + 2).
-7
Evaluate (-2 - 2) + 11 + 2 + -5.
4
What is 0 - ((3 - (2 + -5)) + -4)?
-2
Evaluate (-8 + 13 - 3) + -3.
-1
3 + -8 + (-2 - -6)
-1
Calculate 4 + 7 + -11 + 0.
0
Evaluate 0 - (-2 + 0 - (0 + 0)).
2
Calculate (-7 - -2) + 1 + -1 + 8.
3
What is the value of -124 + 120 - (2 - -1)?
-7
What is -2 - (-14 + 16 - (7 + -1))?
2
2 + -1 - (2 + -4)
3
11 - (8 + -4) - 8
-1
Evaluate 3 + -3 - (-3 - -3 - -3).
-3
Calculate 1 - 1 - (-70 + 78).
-8
(4 - 2 - 2) + 8 + -6
2
Evaluate -8 - (-2 - 3) - -1.
-2
Evaluate 5 + -2 + -1 + -10 + 9.
1
What is 3 - (2 + -4) - 3?
2
-3 - (-5 + -1 + 2)
1
What is (77 - 74) + -1 + -2 + 0?
0
(11 - 6) + 4 + (-2 - 4)
3
What is the value of (-13 - -12) + 4 + 0 + -3?
0
-10 - (-2 - 3) - (-8 + 1)
2
What is the value of -5 - ((3 - 8) + 1)?
-1
What is the value of 8 - (10 + -7 + 0)?
5
10 + -8 + (0 - -2 - 6)
-2
Evaluate -3 - (-1 - -2) - 0.
-4
Calculate 2 + (-17 - -6 - -7).
-2
Calculate -6 + (2 - (-3 - (-4 - -1))).
-4
Calculate 0 - (-1 - 1 - (-12 - -8)).
-2
10 + -9 - (-4 - -1)
4
(-3 - -2) + (20 - 17)
2
What is the value of 6 + -4 + -1 + 1?
2
-2 - (-6 + 3) - 3
-2
Evaluate (23 - 14) + -11 + 3 + -11.
-10
Calculate 10 - 0 - 11 - (-1 - -8).
-8
Evaluate 3 + (-1 + -6 - 3 - -4).
-3
Evaluate -1 + -1 + (-4 - -7 - 0).
1
Calculate -5 - (4 + (0 + -3 - 5)).
-1
Evaluate -2 + 10 + -4 - 0.
4
Evaluate -2 - (-4 - (-4 - 0)).
-2
What is (-4 - (-1 + -1)) + 0 + 5?
3
Evaluate -3 - (0 - -3 - (1 - 0)).
-5
Calculate 8 + (-7 + 4 - 5).
0
What is 3 - (9 + (0 - 4)) - -1?
-1
Calculate -1 - 6 - (13 + -27).
7
Evaluate 2 + (7 - 1 - (-10 + 18)).
0
(1 - 8) + (7 - (0 + 5))
-5
What is (2 + -7 - -1) + (-5 - -9)?
0
What is the value of 2 + -3 + 5 - 5?
-1
What is -4 + 1 + (5 - 0)?
2
Evaluate (-8 - (-3 - 3)) + 0.
-2
Evaluate -4 - (-9 - -4) - (15 - 5).
-9
Calculate 10 + -13 - (-4 - -1).
0
What is the value of (9 - 3) + (-3 - -2)?
5
Evaluate -5 - (-10 + 11 - 5).
-1
Calculate (5 - 1) + -10 + 3.
-3
Evaluate 8 + -1 + -3 + -4.
0
Calculate (4 + -6 - -6 - 5) + 0.
-1
What is the value of (-3 - (-3 - 3)) + (0 - -1)?
4
Evaluate -2 + -5 + 4 + 8.
5
What is the value of -6 - (-5 + 6) - -5?
-2
Evaluate 12 + (-5 - (-2 - -4)).
5
What is the value of 1 + (3 - 0 - (2 + 1))?
1
Evaluate -3 + 0 - ((11 - 5) + -11).
2
12 - 14 - (-2 + -2)
2
1 + 3 + -2 + -2 + 2
2
Evaluate 2 - (-3 - 0) - 4.
1
Evaluate -3 + (-7 - -4) + 2.
-4
What is -5 - (8 + -3 + -5)?
-5
(21 - -1) + 43 + -56
9
What is 4 - (5 + -9 - -4 - 0)?
4
Evaluate (-5 - -1) + -2 + (4 - 1).
-3
Calculate 4 + (1 + -5 + 4 - 3).
1
Calculate 8 + -3 + -7 + -2.
-4
Evaluate (-8 - -12) + -1 + (-3 - 2).
-2
What is -1 + 2 + -97 + 98?
2
Evaluate -2 - (-2 + (4 - -3)).
-7
What is 2 + 3 + 0 + -7?
-2
What is 2 - 5 - (-51 + 53)?
-5
Evaluate -1 - (-3 - 0) - (1 - -1).
0
What is (1 - -10) + (-18 - -2)?
-5
What is the value of -1 + 7 + (4 + -5 - -1)?
6
Evaluate -10 + 6 + -1 - (1 - 2).
-4
What is 0 - (7 - 4 - -3)?
-6
-2 + (0 - (4 + -5))
-1
Calculate 0 + (4 - (2 + 1)).
1
What is (-65 - -66) + (-9 - -1)?
-7
Evaluate 10 - (-1 + (-8 - -2 - -7)).
10
Calculate 4 + -4 + -1 + 3 + 2.
4
What is the value of 9 - 7 - (-4 + 3 - 4)?
7
(1 - -4) + -4 + 12 + -10
3
Evaluate -1 + -5 + (11 - 6 - 3).
-4
Evaluate (12 - 2) + -7 + 3.
6
Calculate -6 - (8 - 12 - -5) - 3.
-10
Evaluate -1 + -1 + -3 - -1.
-4
What is 1 - -5 - ((8 - 23) + 15)?
6
Evaluate -4 - 0 - -3 - 1.
-2
What is the value of 2 + 6 + -12 + -1?
-5
What is 13 + -7 + (5 - (9 - 6))?
8
(-4 - 1) + (-9 - (-7 + -2))
-5
Calculate -1 - (-7 - (2 - 0 - 3)).
5
Evaluate 7 + (-5 - -4 - 3).
3
What is -1 + -2 + (-2 - -5) + 1?
1
What is the value of 0 - -1 - (-8 - -13) - 1?
-5
-6 - 0 - (0 - 1) - -2
-3
What is the value of 3 - -1 - 6 - -2?
0
Calculate -1 - (9 - (1 - -10)).
1
What is the value of 8 - 3 - (15 - 0) - -4?
-6
Evaluate 4 + 1 + -6 - -3.
2
What is (6 - (-2 + 7)) + -2?
-1
Calculate (1 - (5 + 1)) + 9.
4
Calculate -9 + (-5 - -8) + 17.
11
What is 8 + 1 + (2 - 0) + -6?
5
What is 5 - (-1 + 7 + (-4 - -2))?
1
Calculate -4 - -1 - (-43 + 46).
-6
What is the value of 7 + 0 + -1 + -1?
5
Calculate -4 - (-4 + (0 - 0) + -1).
1
What is the value of 32 + -33 - (0 + (-1 - -1))?
-1
Calculate 2 - (-1 + (-8 + 4 - -10)).
-3
3 - 1 - (2 + -6)
6
What is 5 + -6 + (-4 - (-1 + 1))?
-5
Calculate 0 + 5 + (-2 - 0) + -8.
-5
What is 2 - ((2 - -1) + (2 - 3))?
0
Calculate 0 + 1 + -2 + (4 - 3).
0
Calculate -11 + 7 + 2 + 7.
5
Evaluate 0 + -6 + (1 - 0).
-5
-5 + 1 + 5 - 0
1
Calculate -3 - 3 - (-5 - 2).
1
What is the value of -5 + -3 - -4 - (-2 - -1)?
-3
What is the value of (-2 - -5) + -6 - (3 + -6)?
0
What is -1 + -5 + -1 + 3?
-4
Evaluate -2 - -10 - 9 - (-1 - 3).
3
Evaluate -8 + 2 + 4 + -4.
-6
Calculate (-2 + (0 - 4) - -4) + 4.
2
69 - 70 - ((4 - 2) + -10)
7
What is -8 - (0 - 0 - (2 - 0))?
-6
What is the value of ((8 - 4) + -1 - 1) + -6?
-4
0 + (-1 - 0 - (7 + -2))
-6
3 - (-6 + -5 + 15)
-1
Evaluate 1 + -2 + (-8 - -5).
-4
What is the value of 2 - 4 - (11 + -14) - -3?
4
What is the value of -2 - (-1 - (-4 - 0) - 8)?
3
What is the value of (-1 - -2) + 3 + (-7 - -4)?
1
Calculate -22 - -24 - (3 + -2 + 2).
-1
What is -1 + (3 - -4 - (6 - 1))?
1
What is the value of (-1 - -2) + 3 + -2 + -1?
1
Evaluate 2 - (6 - 5) - -3.
4
What is -4 - ((-3 - -5 - -3) + -11)?
2
Calculate (0 + 5 - 1) + -3.
1
-1 - 4 - -8 - (3 + 1)
-1
What is the value of -79 + 87 - (4 + 1)?
3
Calculate 0 - ((-13 - -5) + 1).
7
Evaluate (-4 - -5) + (0 - -1).
2
Evaluate (-1 - -3) + 0 + (22 - 20).
4
What is the value of -3 + (-1 - -2) - (6 + -5)?
-3
What is (2 - 5) + (1 - (-3 - -6))?
-5
-1 + 10 + 7 + -7
9
What is the value of -4 + (9 - (0 + 0))?
5
What is the value of 0 - ((-5 - -3) + 2)?
0
What is the value of (-3 + 0 + -1 - -1) + 2?
-1
What is the value of -4 + 0 + 0 + (0 - -1)?
-3
Calculate (-6 - -9 - (8 + 8)) + 4.
-9
26 + -20 + (-7 - -2)
1
Calculate -18 - (9 + -22 + 5).
-10
Calculate -3 + 7 + 2 - (0 - 1).
7
Evaluate (-2 - 4) + -2 + 4.
-4
What is the value of -3 + (-5 - -9) - 3 - 4?
-6
-3 + 4 - (0 + -2 - -6)
-3
-8 + (1 + 2 - -8)
3
What is the value of 0 + 0 + 1 + -4 + 0?
-3
(-4 - (7 - 10 - 2)) + -9
-8
-19 - -14 - (-5 - 2)
2
Evaluate (0 - -2) + -1 + 3 + -8.
-4
Calculate 1 + 0 + (4 - 10) + 0.
-5
Calculate 3 + (2 - (0 + 10)).
-5
Evaluate (-9 - -9) + -5 - -6.
1
(19 - 16) + (-1 - -1) + -6
-3
What is -3 + (8 - 12 - (-8 - 1))?
2
(1 - (1 + 6)) + 326 + -323
-3
What is the value of (-5 - -3 - 3) + 5?
0
What is 1 + 1 + 2 + -32 + 35?
7
1 + 2 + 3 + -7
-1
Calculate (-2 - (8 + -4 + -4)) + 0.
-2
What is the value of 4 - (-1 + 0 + -4 + 7)?
2
Evaluate 4 + (-8 - -3) + 1 + 0.
0
What is the value of 6 - (-7 + 5 - -2)?
6
What is the value of -13 - -6 - (-1 - 1)?
-5
What is the value of -11 + 12 + (3 - 9)?
-5
What is the value of 1 + 1 + (-49 - -43)?
-4
-2 - 1 - (-9 + 6) - 1
-1
What is 6 - ((3 - (1 + 6)) + 4)?
6
What is the